 2.
1001110001110001001011
Convert 264318 (base 9) to base 13.
5816c
Convert 210100210101 (base 3) to base 2.
1100110101010000001
What is 20014041 (base 5) in base 3?
21222220111
2ac063 (base 14) to base 5
340232243
What is 2022624 (base 9) in base 12?
43b9aa
Convert 252181 (base 12) to base 3.
1010201221221
-1707575 (base 9) to base 3
-1210021122112
What is 125971 (base 13) in base 3?
211101221211
Convert 101010101111010111 (base 2) to base 9.
286124
Convert -12342d (base 16) to base 13.
-32a028
-155d26 (base 15) to base 7
-11526504
-123837 (base 10) to base 8
-361675
What is -35025 (base 9) in base 14?
-871d
Convert -2006315 (base 10) to base 5.
-1003200230
What is -93252 (base 13) in base 14?
-6c325
28ddd (base 14) to base 8
306227
-1487818 (base 11) to base 7
-30421366
-122021100221 (base 3) to base 15
-6ab07
Convert 3c63 (base 13) to base 10.
8700
Convert 431023231 (base 5) to base 15.
25c811
What is 120225135 (base 6) in base 5?
1034240041
What is 1181905 (base 10) in base 12?
48bb81
-71481 (base 16) to base 8
-1612201
-13067 (base 9) to base 11
-6689
3011312 (base 6) to base 12
69b38
4260553 (base 7) to base 16
7eaf3
1010111010011111010110 (base 2) to base 14
546902
What is -2104342 (base 6) in base 13?
-3760a
What is -3430135 (base 7) in base 11?
-272174
What is 10254533 (base 6) in base 11?
197745
Convert 2010121202 (base 3) to base 16.
a415
What is -145137 (base 8) in base 9?
-78053
What is 333034424 (base 5) in base 9?
2657648
Convert 618660 (base 10) to base 2.
10010111000010100100
Convert d5d40 (base 14) to base 13.
150989
Convert cba9 (base 16) to base 12.
26209
What is -100001000100101101100010 (base 2) in base 11?
-4991a34
What is 2d96b6 (base 16) in base 13?
807b93
What is 10202211202 (base 4) in base 13?
3289b1
-26ba67 (base 12) to base 4
-2130320233
What is -1037826 (base 11) in base 16?
-1bdc05
3012226 (base 7) to base 8
1267470
-1142412 (base 12) to base 9
-6222585
93a41f (base 16) to base 14
13dc251
What is -262673 (base 11) in base 16?
-64ee8
What is 1d48a (base 14) in base 10?
74994
Convert -350103203 (base 6) to base 9.
-13115583
1011202201202 (base 3) to base 12
261a32
What is -3437 (base 14) in base 6?
-105545
What is 134c2 (base 15) in base 2?
1111000110001000
What is -57216c (base 14) in base 9?
-5516524
2301112211 (base 4) to base 11
456868
-4f2a (base 16) to base 9
-30717
What is 1110010011011000100 (base 2) in base 15?
93d01
Convert 365733 (base 14) to base 12.
757a55
-2310515 (base 6) to base 15
-25002
Convert -121112111 (base 3) to base 6.
-131451
What is -48d32 (base 15) in base 6?
-4552132
What is -4b9557 (base 16) in base 2?
-10010111001010101010111
What is 2612516 (base 7) in base 13?
bb6a3
What is -58d963 (base 14) in base 2?
-1011100100101101110011
Convert -43530113 (base 6) to base 7.
-14033310
Convert 752484 (base 11) to base 10.
1203800
Convert 836164 (base 9) to base 8.
1711714
What is -1124502 (base 6) in base 12?
-29732
-110011010010100111110010 (base 2) to base 12
-4605042
Convert -327194 (base 15) to base 13.
-661c12
2a5356 (base 12) to base 5
140323122
13252402 (base 6) to base 12
194102
Convert 2470760 (base 8) to base 15.
d7c53
What is -210111220 (base 3) in base 10?
-15684
Convert 133333312111 (base 4) to base 16.
7ffd95
What is 171036 (base 12) in base 3?
202002212120
Convert 392a3b9 (base 12) to base 3.
210011220101020
Convert 8cc1 (base 15) to base 11.
204a5
-100122102221 (base 3) to base 11
-11a712
Convert 16da6d (base 15) to base 12.
455ba1
-3b34c (base 13) to base 3
-12121110200
830375 (base 9) to base 7
4120346
-340223001 (base 5) to base 10
-1492251
What is 22020101101011 (base 3) in base 7?
52130326
Convert -8a21 (base 15) to base 3.
-1111011111
What is -516252 (base 7) in base 13?
-31458
Convert -1101100100111011 (base 2) to base 7.
-321063
What is 433033324 (base 5) in base 14?
360ab7
100401 (base 8) to base 5
2024100
Convert -1a089 (base 14) to base 11.
-4562a
-a25d2 (base 16) to base 13
-1a3921
49912 (base 14) to base 2
101011111110101100
What is -300420431 (base 5) in base 13?
-32692b
What is -b7b5 (base 15) in base 5?
-2220440
-14341104 (base 7) to base 2
-101001010101101000000
Convert a524c (base 14) to base 4.
1201100010
-129303 (base 13) to base 8
-1554272
6189354 (base 11) to base 16
a6a00a
What is -747076 (base 8) in base 14?
-66c6a
-133021302 (base 4) to base 7
-1041006
a6728 (base 11) to base 13
558a1
Convert -1100121122210 (base 3) to base 10.
-720732
Convert 6112611 (base 7) to base 6.
23321310
What is 332350 (base 6) in base 5?
1342121
What is -13415151 (base 6) in base 13?
-12b51b
403220 (base 11) to base 10
648461
What is -10111101101011010010100 (base 2) in base 4?
-113231122110
What is -2514551 (base 8) in base 4?
-2221211221
6362110 (base 8) to base 6
100211424
-d6dbb (base 14) to base 7
-4256624
20441311 (base 5) to base 2
101001110111000000
14a4b (base 16) to base 8
245113
What is -66d73 (base 14) in base 8?
-747411
Convert -205adcd (base 14) to base 5.
-12403000241
What is -102111110030 (base 4) in base 9?
-10034408
Convert -606078 (base 10) to base 13.
-182b35
What is 32650 (base 13) in base 8?
262024
Convert 11111001111111 (base 2) to base 13.
7389
What is 18c960 (base 15) in base 9?
2238610
What is -215499 (base 10) in base 11?
-1379a9
Convert -24043267 (base 9) to base 15.
-1067a71
Convert 367451 (base 8) to base 5.
13024021
2032221 (base 6) to base 3
11222001011
What is 11001001101000011 (base 2) in base 12?
4b8ab
What is 10101110110100001010001 (base 2) in base 3?
101210000210122
Convert 11320131310 (base 4) to base 14.
2c1d52
3414143111 (base 5) to base 9
15215058
Convert -10110055 (base 7) to base 14.
-17d1d5
Convert 3878128 (base 12) to base 11.
62a7474
Convert 1357a5 (base 15) to base 5.
214223410
-128565 (base 12) to base 10
-304925
-101110101101010110 (base 2) to base 9
-321385
Convert -1660175 (base 9) to base 3.
-1202000012112
Convert 4769 (base 11) to base 3.
22120100
-11001100111111 (base 2) to base 6
-140423
-5004120 (base 7) to base 5
-122332210
1135310 (base 7) to base 14
3a440
Convert 5240b (base 14) to base 11.
126040
Convert -12222122101 (base 3) to base 14.
-30d30
86410 (base 16) to base 7
4450135
-527611 (base 8) to base 13
-62162
-2a64321 (base 11) to base 4
-110001003110
Convert 110011011110100101 (base 2) to base 3.
101201020101
What is 12110210121221 (base 3) in base 9?
5423557
Convert -14820 (base 10) to base 11.
-10153
Convert 13218236 (base 10) to base 16.
c9b1bc
Convert -320513002 (base 6) to base 16.
-560d7a
23233023 (base 4) to base 14
1373d
-269304 (base 11) to base 9
-713245
Convert 5a1157 (base 11) to base 16.
e8b5b
Convert -25ba2 (base 12) to base 6.
-1035522
bca19 (base 13) to base 4
1103203213
328563 (base 9) to base 15
3d393
Convert 111101001010110110 (base 2) to base 12.
100bb2
Convert -1041202232 (base 5) to base 6.
-121011425
a474b (base 13) to base 4
1020023130
Convert 1b8a3b (base 12) to base 7.
4120046
Convert 224250124 (base 6) to base 2.
1111101111110001000100
Convert 2505120 (base 7) to base 8.
1163127
Convert -1686828 (base 9) to base 3.
-1202220220222
What is -115a761 (base 12) in base 6?
-155541001
Convert 43772331 (base 8) to base 15.
c65554
364157 (base 8) to base 6
2402515
-11110030110 (base 4) to base 11
-8719a3
What is 36360 (base 8) in base 4?
3303300
-7b5535 (base 13) to base 3
-12111121110220
What is -555b7 (base 13) in base 3?
-21212022210
12113410 (base 5) to base 10
113605
Convert 2287010 (base 10) to base 15.
302975
661005 (base 7) to base 3
12212120100
-12238205 (base 10) to base 6
-1114150205
What is -2b062 (base 14) in base 7?
-624152
Convert 2212113103 (base 4) to base 10.
681427
20632223 (base 7) to base 3
10022012200112
Convert 126708 (base 12) to base 16.
49a78
What is 1043153 (base 6) in base 16?
cd4d
Convert -643710 (base 8) to base 11.
-137580
What is 11222202221202 (base 3) in base 4?
22013221331
Convert -10110010000001101 (base 2) to base 9.
-148026
What is 10120122200021 (base 3) in base 2?
111010000011101110110
1023202232 (base 4) to base 9
521402
-aa0a0 (base 11) to base 9
-263218
What is 110421 (base 12) in base 7?
2203444
What is -24030114 (base 6) in base 5?
-143003210
Convert -30164 (base 11) to base 3.
-2020111212
What is 2907729 (base 11) in base 16?
4c5618
-1002120233 (